160771310?
3
What is the millions digit of 27729186?
7
What is the hundreds digit of 421830091?
0
What is the thousands digit of 36565398?
5
What is the millions digit of 238258066?
8
What is the tens digit of 126215029?
2
What is the units digit of 3963464042?
2
What is the ten thousands digit of 31896299?
9
What is the hundred millions digit of 4535786162?
5
What is the millions digit of 403782357?
3
What is the hundred thousands digit of 1187864928?
8
What is the millions digit of 461345882?
1
What is the hundred thousands digit of 21684742?
6
What is the hundred thousands digit of 3987054012?
0
What is the millions digit of 994958192?
4
What is the units digit of 542619153?
3
What is the ten thousands digit of 52591185?
9
What is the billions digit of 1880102049?
1
What is the tens digit of 1289883503?
0
What is the thousands digit of 5043297357?
7
What is the ten millions digit of 16003372?
1
What is the hundred thousands digit of 294720548?
7
What is the hundred thousands digit of 49208047?
2
What is the hundreds digit of 42870483?
4
What is the tens digit of 4447925019?
1
What is the units digit of 94859633?
3
What is the hundred thousands digit of 1564242368?
2
What is the millions digit of 608902467?
8
What is the thousands digit of 426627950?
7
What is the hundreds digit of 288878413?
4
What is the tens digit of 76219810?
1
What is the units digit of 39900947?
7
What is the tens digit of 6685140311?
1
What is the hundred thousands digit of 105012443?
0
What is the hundred millions digit of 3492994653?
4
What is the thousands digit of 31107377?
7
What is the hundreds digit of 2336582513?
5
What is the ten thousands digit of 653383217?
8
What is the ten millions digit of 306461281?
0
What is the ten thousands digit of 2467024335?
2
What is the thousands digit of 5672681?
2
What is the hundred thousands digit of 47134962?
1
What is the ten millions digit of 503283128?
0
What is the tens digit of 58595457?
5
What is the thousands digit of 25780036?
0
What is the hundred millions digit of 739315092?
7
What is the thousands digit of 861184718?
4
What is the hundred thousands digit of 289269551?
2
What is the hundred millions digit of 230442572?
2
What is the hundred thousands digit of 517661749?
6
What is the hundreds digit of 422678124?
1
What is the hundred millions digit of 528997520?
5
What is the thousands digit of 360826322?
6
What is the hundred thousands digit of 113129306?
1
What is the hundreds digit of 113166437?
4
What is the tens digit of 1324587111?
1
What is the millions digit of 1746811527?
6
What is the tens digit of 46835711?
1
What is the millions digit of 42873884?
2
What is the thousands digit of 237915632?
5
What is the billions digit of 6172713564?
6
What is the hundreds digit of 327850529?
5
What is the units digit of 58777384?
4
What is the millions digit of 90026381?
0
What is the ten millions digit of 18993393?
1
What is the ten millions digit of 1388462095?
8
What is the millions digit of 1868859221?
8
What is the thousands digit of 2212519552?
9
What is the ten millions digit of 205496763?
0
What is the millions digit of 813518031?
3
What is the hundred millions digit of 142763397?
1
What is the millions digit of 637557008?
7
What is the ten thousands digit of 456228918?
2
What is the hundred thousands digit of 4813141001?
1
What is the tens digit of 185975248?
4
What is the hundred thousands digit of 518358363?
3
What is the millions digit of 476474251?
6
What is the hundred thousands digit of 28372148?
3
What is the hundred millions digit of 3153405850?
1
What is the ten thousands digit of 261605373?
0
What is the hundreds digit of 490817953?
9
What is the tens digit of 934492672?
7
What is the units digit of 68016301?
1
What is the thousands digit of 3326618387?
8
What is the ten thousands digit of 251449385?
4
What is the units digit of 37774377?
7
What is the billions digit of 2795884819?
2
What is the hundreds digit of 2849254908?
9
What is the tens digit of 55770402?
0
What is the tens digit of 1549737348?
4
What is the ten thousands digit of 17758740?
5
What is the ten millions digit of 86633196?
8
What is the units digit of 207392934?
4
What is the ten thousands digit of 77066774?
6
What is the hundred millions digit of 220195553?
2
What is the hundreds digit of 582010243?
2
What is the billions digit of 1309310346?
1
What is the thousands digit of 1065997481?
7
What is the tens digit of 58061966?
6
What is the millions digit of 69686835?
9
What is the ten thousands digit of 16647265?
4
What is the ten thousands digit of 566216719?
1
What is the hundreds digit of 3799661568?
5
What is the billions digit of 1815439143?
1
What is the hundreds digit of 30794302?
3
What is the units digit of 886532292?
2
What is the millions digit of 1759051260?
9
What is the thousands digit of 903465664?
5
What is the millions digit of 551359364?
1
What is the millions digit of 108961397?
8
What is the hundred millions digit of 1134295965?
1
What is the millions digit of 451358838?
1
What is the ten thousands digit of 92069622?
6
What is the millions digit of 4938830?
4
What is the hundreds digit of 302613901?
9
What is the units digit of 54577648?
8
What is the ten thousands digit of 5386344463?
4
What is the ten millions digit of 66540699?
6
What is the millions digit of 61495116?
1
What is the ten millions digit of 99446631?
9
What is the ten thousands digit of 1067283478?
8
What is the ten thousands digit of 90137447?
3
What is the ten millions digit of 221991556?
2
What is the hundred millions digit of 1864683068?
8
What is the thousands digit of 53474041?
4
What is the tens digit of 118999421?
2
What is the hundred thousands digit of 7679145?
6
What is the thousands digit of 753923980?
3
What is the ten millions digit of 3148710832?
4
What is the hundred millions digit of 1732195058?
7
What is the tens digit of 3982732990?
9
What is the hundred thousands digit of 266970889?
9
What is the hundred thousands digit of 69505623?
5
What is the units digit of 105744767?
7
What is the thousands digit of 160186761?
6
What is the hundreds digit of 571156799?
7
What is the millions digit of 751305040?
1
What is the hundred thousands digit of 93854294?
8
What is the tens digit of 463057098?
9
What is the tens digit of 35578173?
7
What is the millions digit of 31400558?
1
What is the units digit of 2119787360?
0
What is the hundreds digit of 1703952989?
9
What is the thousands digit of 272388155?
8
What is the ten millions digit of 427762773?
2
What is the ten millions digit of 954370286?
5
What is the units digit of 54578273?
3
What is the ten millions digit of 353895245?
5
What is the hundred thousands digit of 3037387866?
3
What is the ten thousands digit of 868978277?
7
What is the ten thousands digit of 166588682?
8
What is the units digit of 883668168?
8
What is the ten millions digit of 7688617215?
8
What is the tens digit of 1009703?
0
What is the tens digit of 49002316?
1
What is the hundreds digit of 182474500?
5
What is the tens digit of 25854379?
7
What is the ten thousands digit of 2940196254?
9
What is the hundred thousands digit of 184900826?
9
What is the hundred thousands digit of 603006471?
0
What is the hundred millions digit of 236011368?
2
What is the millions digit of 41127904?
1
What is the ten thousands digit of 11007429?
0
What is the tens digit of 88360767?
6
What is the hundreds digit of 1095726361?
3
What is the millions digit of 10348677?
0
What is the units digit of 2562158011?
1
What is the units digit of 143029621?
1
What is the hundred thousands digit of 230026972?
0
What is the ten millions digit of 31742965?
3
What is the hundreds digit of 975382231?
2
What is the thousands digit of 8830171668?
1
What is the ten thousands digit of 490320186?
2
What is the hundred thousands digit of 1459755817?
7
What is the millions digit of 5021440?
5
What is the thousands digit of 3016700357?
0
What is the units digit of 2781597582?
2
What is the millions digit of 16002097?
6
What is the units digit of 40674108?
8
What is the hundreds digit of 86996470?
4
What is the ten millions digit of 2811213934?
1
What is the tens digit of 133087946?
4
What is the units digit of 2803365543?
3
What is the ten thousan